
Is 30228613111 prime?
True
Is 380859529 composite?
False
Is 7864379767 composite?
False
Is 2312645117 a composite number?
False
Is 2299703903 composite?
True
Is 3850288417 composite?
True
Is 769684753 prime?
True
Is 7442356993 prime?
True
Is 72144014207 composite?
False
Is 59912999 prime?
False
Is 6359965069 composite?
False
Is 3341458707 a prime number?
False
Is 1574091443 composite?
False
Is 56359041 a composite number?
True
Is 10565931601 a prime number?
False
Is 15931010929 a composite number?
True
Is 160775977 a composite number?
True
Is 2245456051 a composite number?
True
Is 44766541 prime?
True
Is 35909743 prime?
False
Is 7291045001 prime?
True
Is 631295069 a composite number?
False
Is 1125029951 composite?
True
Is 23720203083 composite?
True
Is 39711307549 composite?
True
Is 4392653897 a composite number?
True
Is 45457544087 a composite number?
False
Is 397156607 prime?
False
Is 60228526337 prime?
False
Is 4151099 a prime number?
True
Is 1622325301 a prime number?
False
Is 670238089 prime?
False
Is 17928802685 a composite number?
True
Is 532475681 composite?
False
Is 6594379123 composite?
True
Is 307981837 a composite number?
False
Is 372192510197 a prime number?
True
Is 22596186199 prime?
True
Is 5624158081 a prime number?
True
Is 68121471181 a composite number?
True
Is 8775368597 composite?
False
Is 1126169857 a composite number?
True
Is 63026745241 prime?
False
Is 859011877 composite?
True
Is 8304016871 composite?
False
Is 233848962145 prime?
False
Is 489224431 a prime number?
True
Is 340351729 prime?
True
Is 22488887 a prime number?
True
Is 37228106413 composite?
True
Is 61317401833 prime?
True
Is 20253042311 prime?
False
Is 72870470983 a prime number?
False
Is 8673933337 a composite number?
False
Is 314019701 composite?
True
Is 6855080429 composite?
True
Is 187234144987 a prime number?
True
Is 22358381977 a prime number?
True
Is 93676523 a prime number?
False
Is 15733846517 composite?
True
Is 2127614309 composite?
False
Is 17948703259 prime?
False
Is 18942195851 prime?
True
Is 16354309054 a prime number?
False
Is 542826179 a composite number?
True
Is 189392279 a prime number?
False
Is 21588277423 a composite number?
False
Is 2338573451 prime?
True
Is 4919951831 composite?
False
Is 875780027 a prime number?
False
Is 1051534207 composite?
True
Is 1369516937 prime?
True
Is 14818956293 a prime number?
False
Is 15545790739 a composite number?
False
Is 1809089441 a composite number?
True
Is 242349529 a composite number?
False
Is 600948859 prime?
False
Is 203390304233 composite?
False
Is 2448647917 a prime number?
True
Is 17610971951 a composite number?
True
Is 9012706457 composite?
True
Is 295750193 a composite number?
False
Is 3523396717 a prime number?
True
Is 3757529701 prime?
True
Is 109617947 prime?
False
Is 4564146619 composite?
False
Is 6466382297 a prime number?
False
Is 10787736287 composite?
False
Is 7064191049 a prime number?
True
Is 396330203 a composite number?
False
Is 1225092247 a prime number?
True
Is 43587613389 a composite number?
True
Is 17153886007 prime?
True
Is 6015218743 a composite number?
False
Is 6440261 prime?
False
Is 17640649109 a composite number?
True
Is 1831657403 composite?
False
Is 29492270279 prime?
True
Is 3774603487 prime?
False
Is 32914710209 a prime number?
False
Is 78694067653 a composite number?
True
Is 768087839 prime?
True
Is 7020083947 composite?
True
Is 6557091979 composite?
False
Is 69427048367 composite?
False
Is 127283450737 a composite number?
False
Is 165257717 prime?
True
Is 18442751377 a composite number?
False
Is 26854401649 composite?
False
Is 17741616869 a composite number?
False
Is 16458883283 a prime number?
False
Is 273237247 a composite number?
False
Is 33138961049 composite?
False
Is 1500022663 composite?
True
Is 27851967719 prime?
True
Is 2912765147 prime?
True
Is 405757867 prime?
False
Is 16421356571 a composite number?
False
Is 589887601 a prime number?
False
Is 473666111 a prime number?
True
Is 11790317641 a composite number?
False
Is 1149279377 a composite number?
True
Is 28033581547 composite?
False
Is 123393164878 prime?
False
Is 276826703 a composite number?
False
Is 1234510841 composite?
False
Is 362913029 a composite number?
False
Is 42194770141 prime?
False
Is 2980143229 composite?
True
Is 38750130313 a composite number?
False
Is 2232338803 a composite number?
False
Is 2109459019 a prime number?
True
Is 17427977233 a composite number?
True
Is 432949214 a prime number?
False
Is 1768715057 prime?
False
Is 9027376139 prime?
True
Is 134525803 a prime number?
False
Is 6906783677 a composite number?
False
Is 1761791 a prime number?
False
Is 750850742 composite?
True
Is 60005576119 a composite number?
False
Is 349392718 composite?
True
Is 101664443 composite?
True
Is 2302914769 a prime number?
True
Is 887750894 a composite number?
True
Is 22744879463 a prime number?
True
Is 154948897 a prime number?
False
Is 14286989207 prime?
True
Is 18908291783 a composite number?
True
Is 9465106417 prime?
False
Is 29705183143 a composite number?
True
Is 9401574181 composite?
True
Is 7604625763 a prime number?
False
Is 23467404967 a prime number?
True
Is 1022341499 a prime number?
True
Is 848616787 composite?
False
Is 250147717 a prime number?
False
Is 9765750223 a composite number?
False
Is 63346961758 a prime number?
False
Is 4951348517 composite?
False
Is 795890267 prime?
True
Is 11095827203 composite?
True
Is 4340640281 composite?
False
Is 2524775069 composite?
False
Is 212411838757 composite?
False
Is 7813528817 prime?
True
Is 3433650679 prime?
True
Is 73043609 composite?
False
Is 20782556141 a composite number?
False
Is 2158998319 prime?
True
Is 45179733605 a composite number?
True
Is 104194919 a composite number?
True
Is 2796330857 a prime number?
True
Is 52042960283 a prime number?
False
Is 1257852997 composite?
False
Is 2118953827 prime?
False
Is 33945227 prime?
True
Is 928116509 composite?
False
Is 23902267 prime?
False
Is 9438166043 a prime number?
False
Is 341508467 a prime number?
False
Is 114299043 prime?
False
Is 13070669803 prime?
True
Is 102550781 prime?
True
Is 84521037229 composite?
False
Is 333921241 composite?
False
Is 11509210373 prime?
False
Is 560112271 prime?
False
Is 1131387793 composite?
False
Is 3533602529 a prime number?
False
Is 3051376309 a prime number?
True
Is 4472840107 prime?
False
Is 31143133687 prime?
False
Is 465301157 a composite number?
False
Is 1136602637 a prime number?
True
Is 5232700877 a prime number?
True
Is 25729880411 composite?
True
Is 188263562561 a composite number?
False
Is 1999380419 prime?
True
Is 471468359 prime?
True
Is 1569163039 prime?
True
Is 5141597207 a composite number?
False
Is 3465817337 prime?
True
Is 2641392659 composite?
True
Is 1172050937 a prime number?
False
Is 646536767 composite?
True
Is 33391796387 prime?
True
Is 2384145611 prime?
True
Is 4221719543 prime?
True
Is 683683753 a composite number?
False
Is 1444438829 a prime number?
True
Is 2020034729 a prime number?
False
Is 162213671905 a prime number?
False
Is 2616153677 composite?
False
Is 7700117633 composite?
True
Is 10185624233 prime?
True
Is 542051291 a composite number?
True
Is 24526293863 prime?
False
Is 553195795 a composite number?
True
Is 4141516591 a prime number?
False
Is 2826256627 a prime number?
True
Is 830466713 prime?
False
Is 294945467 composite?
False
Is 832266521 composite?
False
Is 37682773 a composite number?
False
Is 2302068817 a prime number?
False
Is 9509033021 a composite number?
False
Is 34420412929 a prime number?
False
Is 4561879193 composite?
False
Is 149255641639 prime?
False
Is 8261383289 prime?
True
Is 2105001229 prime?
True
Is 3775225969 a prime number?
False
Is 399485549 a prime number?
True
Is 1745451401 prime?
True
Is 23219761633 composite?
False
Is 45805727797 a composite number?
True
Is 35992463581 a composite number?
True
Is 2169501931 a composite number?
False
Is 242975687 composite?
False
Is 218255977 a composite number?
True
Is 750771397 a composite number?
False
Is 25543808657 a composite number?
False
Is 12373404419 composite?
False
Is 29265409669 composite?
False
Is 57263712763 a composite number?
False
Is 1206286999 composite?
True
Is 91746289069 composite?
False
Is 18238321423 prime?
False
Is 177673333 composite?
F